{"id":50,"date":"2019-09-01T17:40:33","date_gmt":"2019-09-01T17:40:33","guid":{"rendered":"http:\/\/sv-wandersleben.de\/?page_id=50"},"modified":"2020-09-15T14:23:09","modified_gmt":"2020-09-15T14:23:09","slug":"sponsor-ohra-energie-gmbh","status":"publish","type":"page","link":"http:\/\/sv-wandersleben.de\/?page_id=50","title":{"rendered":"Ohra Energie GmbH"},"content":{"rendered":"\n<p>Ohra Energie GmbH<br>Am Bahnhof 4<br>99880 &#8211; H\u00f6rsel OT Fr\u00f6ttst\u00e4dt<\/p>\n\n\n\n<p>Christian Mittelmeyer<br>+49 3622 621118<br><a href=\"mailto:christian.mittelmeyer@ohraenergie.de\">christian.mittelmeyer@ohraenergie.de<\/a><br><a href=\"http:\/\/www.ohraenergie.de\">http:\/\/www.ohraenergie.de<\/a><\/p>\n\n\n\n<div class=\"wp-block-image\"><figure class=\"aligncenter\"><img loading=\"lazy\" decoding=\"async\" width=\"680\" height=\"219\" src=\"http:\/\/sv-wandersleben.de\/wp-content\/uploads\/2019\/09\/sponsor-ohra.jpg\" alt=\"\" class=\"wp-image-51\" srcset=\"http:\/\/sv-wandersleben.de\/wp-content\/uploads\/2019\/09\/sponsor-ohra.jpg 680w, http:\/\/sv-wandersleben.de\/wp-content\/uploads\/2019\/09\/sponsor-ohra-300x97.jpg 300w\" sizes=\"auto, (max-width: 680px) 100vw, 680px\" \/><\/figure><\/div>\n","protected":false},"excerpt":{"rendered":"<p>Ohra Energie GmbHAm Bahnhof 499880 &#8211; H\u00f6rsel OT Fr\u00f6ttst\u00e4dt Christian Mittelmeyer+49 3622 621118christian.mittelmeyer@ohraenergie.dehttp:\/\/www.ohraenergie.de<\/p>\n","protected":false},"author":1,"featured_media":0,"parent":13,"menu_order":0,"comment_status":"closed","ping_status":"closed","template":"","meta":{"footnotes":""},"class_list":["post-50","page","type-page","status-publish","hentry"],"_links":{"self":[{"href":"http:\/\/sv-wandersleben.de\/index.php?rest_route=\/wp\/v2\/pages\/50","targetHints":{"allow":["GET"]}}],"collection":[{"href":"http:\/\/sv-wandersleben.de\/index.php?rest_route=\/wp\/v2\/pages"}],"about":[{"href":"http:\/\/sv-wandersleben.de\/index.php?rest_route=\/wp\/v2\/types\/page"}],"author":[{"embeddable":true,"href":"http:\/\/sv-wandersleben.de\/index.php?rest_route=\/wp\/v2\/users\/1"}],"replies":[{"embeddable":true,"href":"http:\/\/sv-wandersleben.de\/index.php?rest_route=%2Fwp%2Fv2%2Fcomments&post=50"}],"version-history":[{"count":2,"href":"http:\/\/sv-wandersleben.de\/index.php?rest_route=\/wp\/v2\/pages\/50\/revisions"}],"predecessor-version":[{"id":179,"href":"http:\/\/sv-wandersleben.de\/index.php?rest_route=\/wp\/v2\/pages\/50\/revisions\/179"}],"up":[{"embeddable":true,"href":"http:\/\/sv-wandersleben.de\/index.php?rest_route=\/wp\/v2\/pages\/13"}],"wp:attachment":[{"href":"http:\/\/sv-wandersleben.de\/index.php?rest_route=%2Fwp%2Fv2%2Fmedia&parent=50"}],"curies":[{"name":"wp","href":"https:\/\/api.w.org\/{rel}","templated":true}]}}