{"id":53,"date":"2019-09-01T17:41:18","date_gmt":"2019-09-01T17:41:18","guid":{"rendered":"http:\/\/sv-wandersleben.de\/?page_id=53"},"modified":"2020-09-15T14:18:50","modified_gmt":"2020-09-15T14:18:50","slug":"hauptsponsor-wele-personal-service-gmbh","status":"publish","type":"page","link":"http:\/\/sv-wandersleben.de\/?page_id=53","title":{"rendered":"wele Personal Service GmbH"},"content":{"rendered":"\n<p>wele Personal Service GmbH<br>Florian-Geyer-Stra\u00dfe 6c<br>99192 &#8211; Nesse-Apfelst\u00e4dt<\/p>\n\n\n\n<p>Gudrun K\u00fcfner<br>+49 36202 786154<br><a href=\"mailto:info@welepersonal.com\">info@welepersonal.com<\/a><br><a href=\"http:\/\/www.welepersonal.com\/\">http:\/\/www.welepersonal.com\/<\/a><\/p>\n\n\n\n<div class=\"wp-block-image\"><figure class=\"aligncenter\"><img loading=\"lazy\" decoding=\"async\" width=\"553\" height=\"240\" src=\"http:\/\/sv-wandersleben.de\/wp-content\/uploads\/2019\/09\/sponsor-wele.png\" alt=\"\" class=\"wp-image-54\" srcset=\"http:\/\/sv-wandersleben.de\/wp-content\/uploads\/2019\/09\/sponsor-wele.png 553w, http:\/\/sv-wandersleben.de\/wp-content\/uploads\/2019\/09\/sponsor-wele-300x130.png 300w\" sizes=\"auto, (max-width: 553px) 100vw, 553px\" \/><\/figure><\/div>\n","protected":false},"excerpt":{"rendered":"<p>wele Personal Service GmbHFlorian-Geyer-Stra\u00dfe 6c99192 &#8211; Nesse-Apfelst\u00e4dt Gudrun K\u00fcfner+49 36202 786154info@welepersonal.comhttp:\/\/www.welepersonal.com\/<\/p>\n","protected":false},"author":1,"featured_media":0,"parent":13,"menu_order":0,"comment_status":"closed","ping_status":"closed","template":"","meta":{"footnotes":""},"class_list":["post-53","page","type-page","status-publish","hentry"],"_links":{"self":[{"href":"http:\/\/sv-wandersleben.de\/index.php?rest_route=\/wp\/v2\/pages\/53","targetHints":{"allow":["GET"]}}],"collection":[{"href":"http:\/\/sv-wandersleben.de\/index.php?rest_route=\/wp\/v2\/pages"}],"about":[{"href":"http:\/\/sv-wandersleben.de\/index.php?rest_route=\/wp\/v2\/types\/page"}],"author":[{"embeddable":true,"href":"http:\/\/sv-wandersleben.de\/index.php?rest_route=\/wp\/v2\/users\/1"}],"replies":[{"embeddable":true,"href":"http:\/\/sv-wandersleben.de\/index.php?rest_route=%2Fwp%2Fv2%2Fcomments&post=53"}],"version-history":[{"count":2,"href":"http:\/\/sv-wandersleben.de\/index.php?rest_route=\/wp\/v2\/pages\/53\/revisions"}],"predecessor-version":[{"id":176,"href":"http:\/\/sv-wandersleben.de\/index.php?rest_route=\/wp\/v2\/pages\/53\/revisions\/176"}],"up":[{"embeddable":true,"href":"http:\/\/sv-wandersleben.de\/index.php?rest_route=\/wp\/v2\/pages\/13"}],"wp:attachment":[{"href":"http:\/\/sv-wandersleben.de\/index.php?rest_route=%2Fwp%2Fv2%2Fmedia&parent=53"}],"curies":[{"name":"wp","href":"https:\/\/api.w.org\/{rel}","templated":true}]}}

<p>wele Personal Service GmbH<br>Florian-Geyer-Straße 6c<br>99192 &#8211; Nesse-Apfelstädt</p>



<p>Gudrun Küfner<br>+49 36202 786154<br><a href="mailto:info@welepersonal.com">info@welepersonal.com</a><br><a href="http://www.welepersonal.com/">http://www.welepersonal.com/</a></p>



<div class="wp-block-image"><figure class="aligncenter"><img loading="lazy" decoding="async" width="553" height="240" src="http://sv-wandersleben.de/wp-content/uploads/2019/09/sponsor-wele.png" alt="" class="wp-image-54" srcset="http://sv-wandersleben.de/wp-content/uploads/2019/09/sponsor-wele.png 553w, http://sv-wandersleben.de/wp-content/uploads/2019/09/sponsor-wele-300x130.png 300w" sizes="auto, (max-width: 553px) 100vw, 553px" /></figure></div>

<p>wele Personal Service GmbHFlorian-Geyer-Straße 6c99192 &#8211; Nesse-Apfelstädt Gudrun Küfner+49 36202 786154info@welepersonal.comhttp://www.welepersonal.com/</p>
