{"id":96,"date":"2019-09-01T17:55:34","date_gmt":"2019-09-01T17:55:34","guid":{"rendered":"http:\/\/sv-wandersleben.de\/?page_id=96"},"modified":"2024-09-05T15:07:59","modified_gmt":"2024-09-05T15:07:59","slug":"lafit","status":"publish","type":"page","link":"https:\/\/sv-wandersleben.de\/?page_id=96","title":{"rendered":"LaFit"},"content":{"rendered":"\n<p>Fitnesstraining f\u00fcr Frauen und M\u00e4dchen auf der Grundlage von Tabata (intensives Intervalltraining), jeden Freitag 19:00 bis 20:30 in der Sporthalle Wandersleben. Ben\u00f6tigt werden Hallenschuhe und Yogamatte.<\/p>\n\n\n\n<p>Ansprechpartnerin: Nadine No\u00dfmann<\/p>\n\n\n\n<p>Ein dreimaliges Probetraining, auch ohne Vereinsmitgliedschaft, ist m\u00f6glich.<\/p>\n\n\n\n<p><\/p>\n","protected":false},"excerpt":{"rendered":"<p>Fitnesstraining f\u00fcr Frauen und M\u00e4dchen auf der Grundlage von Tabata (intensives Intervalltraining), jeden Freitag 19:00 bis 20:30 in der Sporthalle Wandersleben. Ben\u00f6tigt werden Hallenschuhe und Yogamatte. Ansprechpartnerin: Nadine No\u00dfmann Ein dreimaliges Probetraining, auch ohne Vereinsmitgliedschaft, ist m\u00f6glich.<\/p>\n","protected":false},"author":1,"featured_media":0,"parent":12,"menu_order":0,"comment_status":"closed","ping_status":"closed","template":"","meta":{"footnotes":""},"class_list":["post-96","page","type-page","status-publish","hentry"],"_links":{"self":[{"href":"https:\/\/sv-wandersleben.de\/index.php?rest_route=\/wp\/v2\/pages\/96","targetHints":{"allow":["GET"]}}],"collection":[{"href":"https:\/\/sv-wandersleben.de\/index.php?rest_route=\/wp\/v2\/pages"}],"about":[{"href":"https:\/\/sv-wandersleben.de\/index.php?rest_route=\/wp\/v2\/types\/page"}],"author":[{"embeddable":true,"href":"https:\/\/sv-wandersleben.de\/index.php?rest_route=\/wp\/v2\/users\/1"}],"replies":[{"embeddable":true,"href":"https:\/\/sv-wandersleben.de\/index.php?rest_route=%2Fwp%2Fv2%2Fcomments&post=96"}],"version-history":[{"count":4,"href":"https:\/\/sv-wandersleben.de\/index.php?rest_route=\/wp\/v2\/pages\/96\/revisions"}],"predecessor-version":[{"id":422,"href":"https:\/\/sv-wandersleben.de\/index.php?rest_route=\/wp\/v2\/pages\/96\/revisions\/422"}],"up":[{"embeddable":true,"href":"https:\/\/sv-wandersleben.de\/index.php?rest_route=\/wp\/v2\/pages\/12"}],"wp:attachment":[{"href":"https:\/\/sv-wandersleben.de\/index.php?rest_route=%2Fwp%2Fv2%2Fmedia&parent=96"}],"curies":[{"name":"wp","href":"https:\/\/api.w.org\/{rel}","templated":true}]}}