{"id":98,"date":"2019-09-01T17:56:00","date_gmt":"2019-09-01T17:56:00","guid":{"rendered":"http:\/\/sv-wandersleben.de\/?page_id=98"},"modified":"2023-12-13T15:13:14","modified_gmt":"2023-12-13T15:13:14","slug":"klein-und-kindersport","status":"publish","type":"page","link":"https:\/\/sv-wandersleben.de\/?page_id=98","title":{"rendered":"Klein- und Kindersport"},"content":{"rendered":"\n<h2 class=\"wp-block-heading\"><strong>Kindersport f\u00fcr Vorschulkinder<\/strong><\/h2>\n\n\n\n<p>Abteilungsleiter: Nadine No\u00dfmann, Christian Edler<br>Tel.: 0172 7716218 (Nadine No\u00dfmann)  <br>Donnerstag 16.00 &#8211; 17.30 Uhr<br>f\u00fcr Kinder von 3 &#8211; 6 Jahren <\/p>\n\n\n\n<h2 class=\"wp-block-heading\">Kindersport f\u00fcr Schulkinder<\/h2>\n\n\n\n<p>Abteilungsleiter: Madlen Hildebrandt<br>Tel.: 0176 43648304 (Madlen Hildebrandt)<br>Tel.: 0172 8406813 (Michael Sch\u00fcller)<\/p>\n\n\n\n<p>Training jeden Montag (au\u00dfer in den Ferien) in der Sporthalle Wandersleben oder auf dem Sportgel\u00e4nde.<\/p>\n\n\n\n<p>Trainingsgruppe 1:<\/p>\n\n\n\n<ul class=\"wp-block-list\">\n<li>Montags von 15.30 &#8211; 16.30 Uhr<\/li>\n\n\n\n<li>f\u00fcr Kinder der 1. und 2. Klassen<\/li>\n\n\n\n<li>Trainer: Madlen Hildebrandt, Michael Sch\u00fcller, Benjamin Zocher<\/li>\n<\/ul>\n\n\n\n<p>Trainingsgruppe 2:<\/p>\n\n\n\n<ul class=\"wp-block-list\">\n<li>Montags von 16.45 &#8211; 17.45 Uhr<\/li>\n\n\n\n<li>f\u00fcr Kinder der 3. und 4. Klassen<\/li>\n\n\n\n<li>Trainer: Dirk Zsch\u00e4chner, Clara M\u00fcller-Lenz, Benjamin Zocher<\/li>\n<\/ul>\n\n\n\n<p> Trainingsinhalt:<\/p>\n\n\n\n<ul class=\"wp-block-list\">\n<li>Rhytmische und koordinative Schulung<\/li>\n\n\n\n<li>Ger\u00e4teturnen<\/li>\n\n\n\n<li>Leichtathletische Grundelemente erlernen<\/li>\n\n\n\n<li>Spiele zur Schulung im Umgang mit dem Ball u.v.m<\/li>\n<\/ul>\n\n\n\n<p> <\/p>\n","protected":false},"excerpt":{"rendered":"<p>Kindersport f\u00fcr Vorschulkinder Abteilungsleiter: Nadine No\u00dfmann, Christian EdlerTel.: 0172 7716218 (Nadine No\u00dfmann) Donnerstag 16.00 &#8211; 17.30 Uhrf\u00fcr Kinder von 3 &#8211; 6 Jahren Kindersport f\u00fcr Schulkinder Abteilungsleiter: Madlen HildebrandtTel.: 0176 43648304 (Madlen Hildebrandt)Tel.: 0172 8406813 (Michael Sch\u00fcller) Training jeden Montag (au\u00dfer in den Ferien) in der Sporthalle Wandersleben oder auf dem Sportgel\u00e4nde. Trainingsgruppe 1: Trainingsgruppe [&hellip;]<\/p>\n","protected":false},"author":1,"featured_media":0,"parent":12,"menu_order":0,"comment_status":"closed","ping_status":"closed","template":"","meta":{"footnotes":""},"class_list":["post-98","page","type-page","status-publish","hentry"],"_links":{"self":[{"href":"https:\/\/sv-wandersleben.de\/index.php?rest_route=\/wp\/v2\/pages\/98","targetHints":{"allow":["GET"]}}],"collection":[{"href":"https:\/\/sv-wandersleben.de\/index.php?rest_route=\/wp\/v2\/pages"}],"about":[{"href":"https:\/\/sv-wandersleben.de\/index.php?rest_route=\/wp\/v2\/types\/page"}],"author":[{"embeddable":true,"href":"https:\/\/sv-wandersleben.de\/index.php?rest_route=\/wp\/v2\/users\/1"}],"replies":[{"embeddable":true,"href":"https:\/\/sv-wandersleben.de\/index.php?rest_route=%2Fwp%2Fv2%2Fcomments&post=98"}],"version-history":[{"count":7,"href":"https:\/\/sv-wandersleben.de\/index.php?rest_route=\/wp\/v2\/pages\/98\/revisions"}],"predecessor-version":[{"id":377,"href":"https:\/\/sv-wandersleben.de\/index.php?rest_route=\/wp\/v2\/pages\/98\/revisions\/377"}],"up":[{"embeddable":true,"href":"https:\/\/sv-wandersleben.de\/index.php?rest_route=\/wp\/v2\/pages\/12"}],"wp:attachment":[{"href":"https:\/\/sv-wandersleben.de\/index.php?rest_route=%2Fwp%2Fv2%2Fmedia&parent=98"}],"curies":[{"name":"wp","href":"https:\/\/api.w.org\/{rel}","templated":true}]}}